{"id":22,"date":"2017-09-15T20:01:07","date_gmt":"2017-09-15T20:01:07","guid":{"rendered":"http:\/\/localhost:81\/wordpress\/?page_id=22"},"modified":"2021-10-26T09:24:13","modified_gmt":"2021-10-26T09:24:13","slug":"archivio-dei-corsi","status":"publish","type":"page","link":"http:\/\/www.ilpagurocomo.it\/?page_id=22","title":{"rendered":"Archivio lezioni"},"content":{"rendered":"<p><span style=\"font-size: 20px; font-family: 'trebuchet ms', geneva, sans-serif;\"><strong>ANNO 2019\/2020 &#8211; Reality &#8211; Per distinguere le speranze dai sogni<\/strong><\/span><\/p>\n<ul>\n<li><a href=\"http:\/\/www.ilpagurocomo.it\/wp-content\/uploads\/fileaudio\/11.10.19 Sini.mp3\" target=\"_blank\" rel=\"noopener\">CHE COSA POSSIAMO SPERARE &#8211; Carlo Sini<\/a><\/li>\n<li><a href=\"http:\/\/www.ilpagurocomo.it\/wp-content\/uploads\/fileaudio\/Valagussa.mp3\" target=\"_blank\" rel=\"noopener\">PRINCIPIO SPERANZA E INTERPRETAZIONE DEI SOGNI &#8211; Francesco Valagussa<\/a><\/li>\n<li><a href=\"http:\/\/www.ilpagurocomo.it\/wp-content\/uploads\/fileaudio\/Marassi (1).mp3\" target=\"_blank\" rel=\"noopener\">COME ANTICIPARE IL POSSIBILE &#8211; Massimo Marassi<\/a><\/li>\n<li><a href=\"http:\/\/www.ilpagurocomo.it\/wp-content\/uploads\/fileaudio\/Ciccocioppo.mp3\" target=\"_blank\" rel=\"noopener\">L&#8217;INGANNO DEI SENSI &#8211; Roberto Ciccocioppo<\/a><\/li>\n<li><a href=\"http:\/\/www.ilpagurocomo.it\/wp-content\/uploads\/fileaudio\/Fermani.mp3\" target=\"_blank\" rel=\"noopener\">SENZA LA SPERANZA \u00c8 IMPOSSIBILE TROVARE L&#8217;INSPERATO &#8211; Arianna Fermani<\/a><\/li>\n<\/ul>\n<p><span style=\"font-size: 20px; font-family: 'trebuchet ms', geneva, sans-serif;\"><strong>ANNO 2018\/2019 &#8211; Paura e odio, invidia e rabbia. I sentimenti &#8220;negativi&#8221;: natura, diffusione, effetti<\/strong><\/span><\/p>\n<ul>\n<li><a href=\"http:\/\/www.ilpagurocomo.it\/wp-content\/uploads\/2018\/10\/2018-2019-PROGRAMMA-CORSO-IL-PAGURO.pdf\">PROGRAMMA DEL CORSO 2018\/2019<\/a><\/li>\n<li><a href=\"http:\/\/www.ilpagurocomo.it\/wp-content\/uploads\/fileaudio\/Sini2018.mp3\" target=\"_blank\" rel=\"noopener\">L&#8217;UOMO FORTE: CONTRO L&#8217;ANGOSCIA DI MORTE E LE SUE CONSEGUENZE NEGATIVE &#8211; Carlo Sini<\/a><\/li>\n<li><a href=\"http:\/\/www.ilpagurocomo.it\/wp-content\/uploads\/fileaudio\/Lanzone.mp3\" target=\"_blank\" rel=\"noopener\">LA RABBIA E L&#8217;ORGOGLIO &#8211; Giovanni Lanzone<\/a><\/li>\n<li><a href=\"http:\/\/www.ilpagurocomo.it\/wp-content\/uploads\/fileaudio\/Ceretti.mp3\" target=\"_blank\" rel=\"noopener\">IL LINCIAGGIO COME TORTURA PUBBLICA &#8211; Adolfo Ceretti<\/a><\/li>\n<li><a href=\"http:\/\/www.ilpagurocomo.it\/wp-content\/uploads\/fileaudio\/Ciccocioppo.mp3\" target=\"_blank\" rel=\"noopener\">NEUROBIOLOGIA DELLA RABBIA &#8211; Roberto Ciccocioppo<\/a><\/li>\n<li><a href=\"http:\/\/www.ilpagurocomo.it\/wp-content\/uploads\/fileaudio\/Toffalori.mp3\" target=\"_blank\" rel=\"noopener\">SCIENZA E NATURA &#8211; Carlo Toffalori<\/a><\/li>\n<li><a href=\"http:\/\/www.ilpagurocomo.it\/wp-content\/uploads\/fileaudio\/Magatti.mp3\" target=\"_blank\" rel=\"noopener\">DA PROMETEO A LUCIFERO: IL PERICOLO DELLA CATTIVERIA &#8211; Mauro Magatti<\/a><\/li>\n<li><a href=\"http:\/\/www.ilpagurocomo.it\/wp-content\/uploads\/fileaudio\/Marassi_Paguro.mp3\" target=\"_blank\" rel=\"noopener\">L&#8217;IRA NON DURA A LUNGO &#8211; Massimo Marassi<\/a><\/li>\n<li><a href=\"http:\/\/www.ilpagurocomo.it\/wp-content\/uploads\/fileaudio\/Zanchi_Paguro.mp3\" target=\"_blank\" rel=\"noopener\">IL TIMORE DI DIO. AMBIVALENZA DEL SACRO E DINAMICHE DEL PENSIERO &#8211; Giuliano Zanchi<\/a><\/li>\n<li><a href=\"http:\/\/www.ilpagurocomo.it\/wp-content\/uploads\/fileaudio\/Mordacci.mp3\" target=\"_blank\" rel=\"noopener\">DALLA PAURA AL RISPETTO: L\u2019ALTRO COME MINACCIA E COME RISORSA &#8211; Roberto Mordacci<\/a><\/li>\n<li><a href=\"http:\/\/www.ilpagurocomo.it\/wp-content\/uploads\/fileaudio\/Di Martino.mp3\" target=\"_blank\" rel=\"noopener\">IN PRINCIPIO: AMORE O ODIO &#8211; Carmine Di Martino<\/a><\/li>\n<li><a href=\"http:\/\/www.ilpagurocomo.it\/wp-content\/uploads\/fileaudio\/Migliori.mp3\" target=\"_blank\" rel=\"noopener\">LA NEGAZIONE DELLA NEGAZIONE DEVE ESSERE SIA DETERMINATA SIA MULTIFOCALE\u00a0&#8211; Maurizio Migliori<\/a><\/li>\n<li><a href=\"http:\/\/www.ilpagurocomo.it\/wp-content\/uploads\/fileaudio\/Natoli.m4a\" target=\"_blank\" rel=\"noopener\">PASSIONI: L&#8217;AMBIVALENZA DEGLI AFFETTI, LA NEGATIVIT\u00c0 DEI VIZI &#8211; Salvatore Natoli<\/a><\/li>\n<\/ul>\n<p><span style=\"font-size: 20px; font-family: 'trebuchet ms', geneva, sans-serif;\"><strong>ANNO 2017\/2018 &#8211;\u00a0<\/strong><\/span><span style=\"font-size: 20px; font-family: 'trebuchet ms', geneva, sans-serif;\"><strong>&#8220;Verit\u00e0 e realt\u00e0 nel mondo e nel web.\u00a0<\/strong><\/span><span style=\"font-size: 20px; font-family: 'trebuchet ms', geneva, sans-serif;\"><strong>Vale la pena accettare le sfide del presente?&#8221;<\/strong><\/span><\/p>\n<ul style=\"list-style-type: square;\">\n<li><a href=\"http:\/\/www.ilpagurocomo.it\/wp-content\/uploads\/fileaudio\/Sini 20.10.17.mp3\" target=\"_blank\" rel=\"noopener\">LA VERIT\u00c0 \u00c8 UN&#8217;AVVENTURA &#8211; Carlo Sini<\/a><\/li>\n<li><a href=\"http:\/\/www.ilpagurocomo.it\/wp-content\/uploads\/fileaudio\/Fossati 27.10.17.mp3\" target=\"_blank\" rel=\"noopener\">SU VERIT\u00c0 E MENZOGNA IN SENSO EXTRA-VIRTUALE &#8211; Lorenzo Fossati<\/a><\/li>\n<li><a href=\"http:\/\/www.ilpagurocomo.it\/wp-content\/uploads\/fileaudio\/Magatti 03.11.17.mp3\" target=\"_blank\" rel=\"noopener\">PERCH\u00c8 ABBIAMO BISOGNO DI UNA VERIT\u00c0 INCERTA &#8211; Mauro Magatti<\/a><\/li>\n<li><a href=\"http:\/\/www.ilpagurocomo.it\/wp-content\/uploads\/fileaudio\/Lanzone 10.11.17.mp3\" target=\"_blank\" rel=\"noopener\">USABILIT\u00c0, NOVIT\u00c0 E PERICOLI DEGLI ALGORITMI PER LA VITA -Giovanni Lanzone<\/a><\/li>\n<li><a href=\"http:\/\/www.ilpagurocomo.it\/wp-content\/uploads\/fileaudio\/Torno 17.11.17.mp3\" target=\"_blank\" rel=\"noopener\">COMUNICARE LA VERIT\u00c0 OGGI &#8211; Armando Torno<\/a><\/li>\n<li><a href=\"http:\/\/www.ilpagurocomo.it\/wp-content\/uploads\/fileaudio\/Giaccardi 24.11.17.mp3\" target=\"_blank\" rel=\"noopener\">RIPENSARE LA VERIT\u00c0 NELL&#8217;ERA DIGITALE &#8211; Chiara Giaccardi<\/a><\/li>\n<li><a href=\"http:\/\/www.ilpagurocomo.it\/wp-content\/uploads\/fileaudio\/De Michelis 12-01.18.mp3\" target=\"_blank\" rel=\"noopener\">VERIT\u00c0 ED ESPERIENZA NEL DIGITALE &#8211; Giorgio De Michelis<\/a><\/li>\n<li><a href=\"http:\/\/www.ilpagurocomo.it\/wp-content\/uploads\/fileaudio\/Marassi 26.01.18.mp3\" target=\"_blank\" rel=\"noopener\">SONO FORSE IO IL CUSTODE DEL MONDO &#8211; Massimo Marassi<\/a><\/li>\n<li><a href=\"http:\/\/www.ilpagurocomo.it\/wp-content\/uploads\/fileaudio\/Tagliapietra 2.02.18.mp3\" target=\"_blank\" rel=\"noopener\">IL WEB, L&#8217;ECONOMIA DELL&#8217;ATTENZIONE E IL VALORE CRITICO DELL&#8217;ESPERIENZA &#8211; Andrea Tagliapietra<\/a><\/li>\n<li><a href=\"http:\/\/www.ilpagurocomo.it\/wp-content\/uploads\/fileaudio\/Valagussa 9.02.18.mp3\" target=\"_blank\" rel=\"noopener\">CHE COSA SIGNIFICA PENSARE&#8230;NELL&#8217;EPOCA DEL WEB &#8211; Francesco Valagussa<\/a><\/li>\n<li><a href=\"http:\/\/www.ilpagurocomo.it\/wp-content\/uploads\/fileaudio\/Migliori 16.02.18.mp3\" target=\"_blank\" rel=\"noopener\">UNA MEZZA VERIT\u00c0 \u00c8 FALSA, DUE VERIT\u00c0 SULLO STESSO OGGETTO SONO VERE &#8211; Maurizio Migliori<\/a><\/li>\n<li><a href=\"http:\/\/www.ilpagurocomo.it\/wp-content\/uploads\/fileaudio\/Natoli 23.02.18.mp3\" target=\"_blank\" rel=\"noopener\">REALT\u00c0 E APPARENZA &#8211; Salvatore Natali<\/a><\/li>\n<\/ul>\n<p style=\"text-align: left;\"><span style=\"font-size: 20px; font-family: 'trebuchet ms', geneva, sans-serif;\"><strong>ANNO 2016\/2017 &#8211; &#8220;<\/strong><\/span><span style=\"font-family: 'trebuchet ms', geneva, sans-serif; font-size: 20px;\"><strong>Se siamo relazioni\u00a0<\/strong><strong>perch\u00e9<\/strong><strong> non le curiamo? Come abitare un mondo\u00a0che cambia freneticamente&#8221;<\/strong><\/span><\/p>\n<ul style=\"list-style-type: square;\">\n<li><a href=\"http:\/\/www.ilpagurocomo.it\/wp-content\/uploads\/2017\/2016-17\/Sini.mp3\" target=\"_blank\" rel=\"noopener\">VERIT\u00c0 E PUNTI DI VISTA &#8211; Carlo Sini<\/a><\/li>\n<li><a href=\"http:\/\/www.ilpagurocomo.it\/wp-content\/uploads\/2017\/2016-17\/Valagussa.mp3\" target=\"_blank\" rel=\"noopener\">RELAZIONI DI SICUREZZA. LO SGUARDO DI GIANO &#8211; Francesco Valagussa<\/a><\/li>\n<li><a href=\"http:\/\/www.ilpagurocomo.it\/wp-content\/uploads\/2017\/2016-17\/Mordacci.mp3\" target=\"_blank\" rel=\"noopener\">COME SI DIVENTA LA RELAZIONE CHE SI \u00c8: L\u2019IDENTIT\u00c0 FRAGILE E TENACE DELL&#8217;INDIVIDUO NEOMODERNO &#8211; Roberto Mordacci<\/a><\/li>\n<li><a href=\"http:\/\/www.ilpagurocomo.it\/wp-content\/uploads\/2017\/2016-17\/Lanzone.mp3\" target=\"_blank\" rel=\"noopener\">LE RELAZIONI CHE SIAMO:COME ABITARE NEGLI ANNI BUI &#8211; Giovanni Lanzone<\/a><\/li>\n<li><a href=\"http:\/\/www.ilpagurocomo.it\/wp-content\/uploads\/2017\/2016-17\/DiMartino.mp3\" target=\"_blank\" rel=\"noopener\">RIFLESSIONI SULLA PAROLA \u201cINCONTRO\u201d &#8211; Carmine Di Martino<\/a><\/li>\n<li><a href=\"http:\/\/www.ilpagurocomo.it\/wp-content\/uploads\/2017\/2016-17\/Marassi.mp3\" target=\"_blank\" rel=\"noopener\">ANESTESIA DELLA RELAZIONE: ISTRUZIONI PER VIVERE SENZA VINCOLI E AFFETTI &#8211; Massimo Marassi<\/a><\/li>\n<li><a href=\"http:\/\/www.ilpagurocomo.it\/wp-content\/uploads\/2017\/2016-17\/Danani.mp3\" target=\"_blank\" rel=\"noopener\">LE RELAZIONI UMANE NELLA RILEVANZA DEI LUOGHI &#8211; Carla Danani<\/a><\/li>\n<li><a href=\"http:\/\/www.ilpagurocomo.it\/wp-content\/uploads\/2017\/2016-17\/Fossati.mp3\">EQUIVOCI DELLA RELAZIONE &#8211; Lorenzo Fossati<\/a><\/li>\n<li><a href=\"http:\/\/www.ilpagurocomo.it\/wp-content\/uploads\/2017\/2016-17\/DeMichelis.mp3\">SPERIAMO CHE TENGA &#8211; Giorgio De Michelis<\/a><\/li>\n<li><a href=\"http:\/\/www.ilpagurocomo.it\/wp-content\/uploads\/2017\/2016-17\/Ceretti.mp3\">PAROLE E RELAZIONI TRA RESPONSABILI DELLA LOTTA ARMATA E VITTIME. PERCORSI POSSIBILI? &#8211; Adolfo Ceretti<\/a><\/li>\n<li><a href=\"http:\/\/www.ilpagurocomo.it\/wp-content\/uploads\/2017\/2016-17\/Migliori.mp3\">NESSUNA ILLUSIONE: L\u2019ORDINE \u00c8 PRECARIO, LA RAZIONALIT\u00c0 \u00c8 DEBOLE. E TUTTAVIA&#8230; &#8211; Maurizio Migliori<\/a><\/li>\n<li><a href=\"http:\/\/www.ilpagurocomo.it\/wp-content\/uploads\/2017\/2016-17\/Natoli.mp3\">ETHOS: ONTOLOGIA DEL LEGAME &#8211; Salvatore Natoli<\/a><\/li>\n<\/ul>\n<p>Per ascoltare tutti gli audio dall&#8217;inizio (<strong>1989!!!<\/strong>) dei nostri corsi clicca subito (username:\u00a0<strong>paguro,<\/strong>\u00a0password: <strong>corso)<\/strong>\u00a0su questo link:\u00a0<a href=\"http:\/\/mamigli.com\/mp3-corso\">http:\/\/mamigli.com\/mp3-corso<\/a><\/p>\n","protected":false},"excerpt":{"rendered":"<p>ANNO 2019\/2020 &#8211; Reality &#8211; Per distinguere le speranze dai sogni CHE COSA POSSIAMO SPERARE &#8211; Carlo Sini PRINCIPIO SPERANZA E INTERPRETAZIONE DEI SOGNI &#8211; Francesco Valagussa COME ANTICIPARE IL&#8230; <a class=\"read-more-button\" href=\"http:\/\/www.ilpagurocomo.it\/?page_id=22\">Leggi tutto &gt;<\/a><\/p>\n","protected":false},"author":1,"featured_media":0,"parent":0,"menu_order":0,"comment_status":"closed","ping_status":"closed","template":"template-full-width-without-title.php","meta":{"footnotes":""},"class_list":["post-22","page","type-page","status-publish","hentry"],"yoast_head":"<!-- This site is optimized with the Yoast SEO plugin v27.6 - https:\/\/yoast.com\/product\/yoast-seo-wordpress\/ -->\n<title>Archivio lezioni - Corso culturale Como - Il Paguro<\/title>\n<meta name=\"description\" content=\"Corso culturale Como. Associazione culturale Il Paguro. Corso culturale e di aggiornamento e divulgazione culturale.Vieni a seguire le nostre lezioni!\" \/>\n<meta name=\"robots\" content=\"index, follow, max-snippet:-1, max-image-preview:large, max-video-preview:-1\" \/>\n<link rel=\"canonical\" href=\"http:\/\/www.ilpagurocomo.it\/?page_id=22\" \/>\n<meta property=\"og:locale\" content=\"it_IT\" \/>\n<meta property=\"og:type\" content=\"article\" \/>\n<meta property=\"og:title\" content=\"Archivio lezioni - Corso culturale Como - Il Paguro\" \/>\n<meta property=\"og:description\" content=\"Corso culturale Como. Associazione culturale Il Paguro. Corso culturale e di aggiornamento e divulgazione culturale.Vieni a seguire le nostre lezioni!\" \/>\n<meta property=\"og:url\" content=\"http:\/\/www.ilpagurocomo.it\/?page_id=22\" \/>\n<meta property=\"og:site_name\" content=\"Associazione IL PAGURO Iniziative culturali\" \/>\n<meta property=\"article:modified_time\" content=\"2021-10-26T09:24:13+00:00\" \/>\n<meta name=\"twitter:card\" content=\"summary_large_image\" \/>\n<meta name=\"twitter:label1\" content=\"Tempo di lettura stimato\" \/>\n\t<meta name=\"twitter:data1\" content=\"2 minuti\" \/>\n<script type=\"application\/ld+json\" class=\"yoast-schema-graph\">{\"@context\":\"https:\\\/\\\/schema.org\",\"@graph\":[{\"@type\":\"WebPage\",\"@id\":\"http:\\\/\\\/www.ilpagurocomo.it\\\/?page_id=22\",\"url\":\"http:\\\/\\\/www.ilpagurocomo.it\\\/?page_id=22\",\"name\":\"Archivio lezioni - Corso culturale Como - Il Paguro\",\"isPartOf\":{\"@id\":\"https:\\\/\\\/0.0.0.0\\\/#website\"},\"datePublished\":\"2017-09-15T20:01:07+00:00\",\"dateModified\":\"2021-10-26T09:24:13+00:00\",\"description\":\"Corso culturale Como. Associazione culturale Il Paguro. Corso culturale e di aggiornamento e divulgazione culturale.Vieni a seguire le nostre lezioni!\",\"breadcrumb\":{\"@id\":\"http:\\\/\\\/www.ilpagurocomo.it\\\/?page_id=22#breadcrumb\"},\"inLanguage\":\"it-IT\",\"potentialAction\":[{\"@type\":\"ReadAction\",\"target\":[\"http:\\\/\\\/www.ilpagurocomo.it\\\/?page_id=22\"]}]},{\"@type\":\"BreadcrumbList\",\"@id\":\"http:\\\/\\\/www.ilpagurocomo.it\\\/?page_id=22#breadcrumb\",\"itemListElement\":[{\"@type\":\"ListItem\",\"position\":1,\"name\":\"Home\",\"item\":\"https:\\\/\\\/0.0.0.0\\\/\"},{\"@type\":\"ListItem\",\"position\":2,\"name\":\"Archivio lezioni\"}]},{\"@type\":\"WebSite\",\"@id\":\"https:\\\/\\\/0.0.0.0\\\/#website\",\"url\":\"https:\\\/\\\/0.0.0.0\\\/\",\"name\":\"Associazione IL PAGURO Iniziative culturali\",\"description\":\"\",\"potentialAction\":[{\"@type\":\"SearchAction\",\"target\":{\"@type\":\"EntryPoint\",\"urlTemplate\":\"https:\\\/\\\/0.0.0.0\\\/?s={search_term_string}\"},\"query-input\":{\"@type\":\"PropertyValueSpecification\",\"valueRequired\":true,\"valueName\":\"search_term_string\"}}],\"inLanguage\":\"it-IT\"}]}<\/script>\n<!-- \/ Yoast SEO plugin. -->","yoast_head_json":{"title":"Archivio lezioni - Corso culturale Como - Il Paguro","description":"Corso culturale Como. Associazione culturale Il Paguro. Corso culturale e di aggiornamento e divulgazione culturale.Vieni a seguire le nostre lezioni!","robots":{"index":"index","follow":"follow","max-snippet":"max-snippet:-1","max-image-preview":"max-image-preview:large","max-video-preview":"max-video-preview:-1"},"canonical":"http:\/\/www.ilpagurocomo.it\/?page_id=22","og_locale":"it_IT","og_type":"article","og_title":"Archivio lezioni - Corso culturale Como - Il Paguro","og_description":"Corso culturale Como. Associazione culturale Il Paguro. Corso culturale e di aggiornamento e divulgazione culturale.Vieni a seguire le nostre lezioni!","og_url":"http:\/\/www.ilpagurocomo.it\/?page_id=22","og_site_name":"Associazione IL PAGURO Iniziative culturali","article_modified_time":"2021-10-26T09:24:13+00:00","twitter_card":"summary_large_image","twitter_misc":{"Tempo di lettura stimato":"2 minuti"},"schema":{"@context":"https:\/\/schema.org","@graph":[{"@type":"WebPage","@id":"http:\/\/www.ilpagurocomo.it\/?page_id=22","url":"http:\/\/www.ilpagurocomo.it\/?page_id=22","name":"Archivio lezioni - Corso culturale Como - Il Paguro","isPartOf":{"@id":"https:\/\/0.0.0.0\/#website"},"datePublished":"2017-09-15T20:01:07+00:00","dateModified":"2021-10-26T09:24:13+00:00","description":"Corso culturale Como. Associazione culturale Il Paguro. Corso culturale e di aggiornamento e divulgazione culturale.Vieni a seguire le nostre lezioni!","breadcrumb":{"@id":"http:\/\/www.ilpagurocomo.it\/?page_id=22#breadcrumb"},"inLanguage":"it-IT","potentialAction":[{"@type":"ReadAction","target":["http:\/\/www.ilpagurocomo.it\/?page_id=22"]}]},{"@type":"BreadcrumbList","@id":"http:\/\/www.ilpagurocomo.it\/?page_id=22#breadcrumb","itemListElement":[{"@type":"ListItem","position":1,"name":"Home","item":"https:\/\/0.0.0.0\/"},{"@type":"ListItem","position":2,"name":"Archivio lezioni"}]},{"@type":"WebSite","@id":"https:\/\/0.0.0.0\/#website","url":"https:\/\/0.0.0.0\/","name":"Associazione IL PAGURO Iniziative culturali","description":"","potentialAction":[{"@type":"SearchAction","target":{"@type":"EntryPoint","urlTemplate":"https:\/\/0.0.0.0\/?s={search_term_string}"},"query-input":{"@type":"PropertyValueSpecification","valueRequired":true,"valueName":"search_term_string"}}],"inLanguage":"it-IT"}]}},"_links":{"self":[{"href":"http:\/\/www.ilpagurocomo.it\/index.php?rest_route=\/wp\/v2\/pages\/22","targetHints":{"allow":["GET"]}}],"collection":[{"href":"http:\/\/www.ilpagurocomo.it\/index.php?rest_route=\/wp\/v2\/pages"}],"about":[{"href":"http:\/\/www.ilpagurocomo.it\/index.php?rest_route=\/wp\/v2\/types\/page"}],"author":[{"embeddable":true,"href":"http:\/\/www.ilpagurocomo.it\/index.php?rest_route=\/wp\/v2\/users\/1"}],"replies":[{"embeddable":true,"href":"http:\/\/www.ilpagurocomo.it\/index.php?rest_route=%2Fwp%2Fv2%2Fcomments&post=22"}],"version-history":[{"count":81,"href":"http:\/\/www.ilpagurocomo.it\/index.php?rest_route=\/wp\/v2\/pages\/22\/revisions"}],"predecessor-version":[{"id":830,"href":"http:\/\/www.ilpagurocomo.it\/index.php?rest_route=\/wp\/v2\/pages\/22\/revisions\/830"}],"wp:attachment":[{"href":"http:\/\/www.ilpagurocomo.it\/index.php?rest_route=%2Fwp%2Fv2%2Fmedia&parent=22"}],"curies":[{"name":"wp","href":"https:\/\/api.w.org\/{rel}","templated":true}]}}